{"id":61,"date":"2010-02-01T14:05:14","date_gmt":"2010-02-01T14:05:14","guid":{"rendered":"http:\/\/predator-fishing-tours.de\/wordpress\/?page_id=61"},"modified":"2010-02-01T14:05:14","modified_gmt":"2010-02-01T14:05:14","slug":"predator-fishing-tours-kurse","status":"publish","type":"page","link":"https:\/\/predator-fishing-tours.de\/?page_id=61","title":{"rendered":"Predator Fishing Tours &#8211; Kurse"},"content":{"rendered":"<p align=\"center\"><span style=\"font-size: 14pt; font-family: Verdana;\"><span style=\"font-size: x-large;\"><strong><u><span style=\"background-color: #ffff00; color: #0066cc; font-family: arial,helvetica,sans-serif;\"><em>Unsere Kurse:<\/em><\/span><\/u><\/strong><\/span><\/span><\/p>\n<p align=\"center\">\n<p align=\"left\"><span style=\"font-size: 14pt; font-family: Verdana;\"><span style=\"font-family: arial,helvetica,sans-serif; font-size: large;\">Die <u><em><strong>Drop Shot<\/strong><\/em><\/u> Angelei z\u00e4hlt zu den effektivsten Methoden tiefstehende Raubfische in der N\u00e4he des Gew\u00e4ssergrundes zu fangen.<br \/>\nDer K\u00f6der befindet sich lange im Sichtfeld der R\u00e4uber und erzeugt beim Anbiss kaum Widerstand.<br \/>\nDiese Methode ist optimal um misstrauische Grossbarsche und Zander zu \u00fcberlisten.<\/span><\/span><\/p>\n<table style=\"width: 100%;\" border=\"1\" cellspacing=\"1\" cellpadding=\"1\">\n<tbody>\n<tr>\n<td><span style=\"font-family: arial,helvetica,sans-serif; font-size: large;\">Drop Shot Kurs Erw.<\/span><\/td>\n<td><span style=\"font-size: large;\"><span style=\"font-family: arial,helvetica,sans-serif;\"><span style=\"font-size: medium;\"><span style=\"font-size: large;\">Einzelintensivkurs <\/span>(<\/span><span style=\"font-size: medium;\">5 Stunden Theorie\/Praxis)<\/span><\/span><\/span><\/td>\n<td><span style=\"font-family: arial,helvetica,sans-serif; font-size: large;\">ab120,- Euro <\/span><\/td>\n<\/tr>\n<\/tbody>\n<\/table>\n<table style=\"width: 100%;\" border=\"1\" cellspacing=\"1\" cellpadding=\"1\">\n<tbody>\n<tr>\n<td><span style=\"font-family: arial,helvetica,sans-serif; font-size: large;\">Drop Shot Kurs Erwachsene<\/span><\/td>\n<td><span style=\"font-family: arial,helvetica,sans-serif; font-size: large;\">(f\u00fcr 2 Pers.)<\/span><\/td>\n<td><span style=\"font-family: arial,helvetica,sans-serif; font-size: large;\">auf Anfrage<br \/>\n<\/span><\/td>\n<\/tr>\n<\/tbody>\n<\/table>\n<table style=\"width: 100%;\" border=\"1\" cellspacing=\"1\" cellpadding=\"1\">\n<tbody>\n<tr>\n<td><span style=\"font-family: arial,helvetica,sans-serif; font-size: large;\">Drop Shot Kurs Erwachsene<\/span><\/td>\n<td><span style=\"font-family: arial,helvetica,sans-serif; font-size: large;\">(f\u00fcr 4 Pers.)<\/span><\/td>\n<td><span style=\"font-family: arial,helvetica,sans-serif; font-size: large;\">auf Anfrage<br \/>\n<\/span><\/td>\n<\/tr>\n<\/tbody>\n<\/table>\n<p align=\"center\">\n<p align=\"left\"><span style=\"font-size: 14pt; font-family: Verdana;\"><span style=\"font-size: large;\"><span style=\"font-family: arial,helvetica,sans-serif;\"><span style=\"font-size: 14pt; font-family: Verdana;\"><span style=\"font-size: large;\"><strong><em><span style=\"font-family: arial,helvetica,sans-serif;\"><u>Spinnfischen<\/u> <\/span><\/em><\/strong><\/span><\/span>auf Raubfische wird mit k\u00fcnstlichen K\u00f6dern, sog. Kunstk\u00f6dern, wie Blinker, Wobbler, Gummifisch und Twister betrieben.<br \/>\nDie Kunstk\u00f6der werden ausgeworfen und unmittelbar wieder in einem selbst bestimmten Tempo und Rythmus eingeholt.<\/span><\/span><\/span><\/p>\n<p align=\"left\">\n<p align=\"left\">\n<table style=\"width: 100%;\" border=\"1\" cellspacing=\"1\" cellpadding=\"1\">\n<tbody>\n<tr>\n<td><span style=\"font-family: arial,helvetica,sans-serif; font-size: large;\">Spinnfischkurs Erwachsene<\/span><\/td>\n<td><span style=\"font-size: large;\"><span style=\"font-family: arial,helvetica,sans-serif;\"><span style=\"font-size: medium;\"><span style=\"font-size: large;\">Einzelintensivkurs<\/span>(<\/span><span style=\"font-size: medium;\">5 Stunden Theorie\/Praxis)<\/span><\/span><\/span><\/td>\n<td><span style=\"font-family: arial,helvetica,sans-serif; font-size: large;\">ab120,- Euro <\/span><\/td>\n<\/tr>\n<\/tbody>\n<\/table>\n<table style=\"width: 100%;\" border=\"1\" cellspacing=\"1\" cellpadding=\"1\">\n<tbody>\n<tr>\n<td><span style=\"font-family: arial,helvetica,sans-serif; font-size: large;\">Spinnfischkurs Erwachsene<\/span><\/td>\n<td><span style=\"font-family: arial,helvetica,sans-serif; font-size: large;\">(f\u00fcr 2 Pers.)<\/span><\/td>\n<td><span style=\"font-family: arial,helvetica,sans-serif; font-size: large;\">auf Anfrage<br \/>\n<\/span><\/td>\n<\/tr>\n<\/tbody>\n<\/table>\n<table style=\"width: 100%;\" border=\"1\" cellspacing=\"1\" cellpadding=\"1\">\n<tbody>\n<tr>\n<td><span style=\"font-family: arial,helvetica,sans-serif; font-size: large;\">Spinnfischkurs Erwachsene<\/span><\/td>\n<td><span style=\"font-family: arial,helvetica,sans-serif; font-size: large;\">(f\u00fcr 4 Pers.)<\/span><\/td>\n<td><span style=\"font-family: arial,helvetica,sans-serif; font-size: large;\">auf Anfrage<br \/>\n<\/span><\/td>\n<\/tr>\n<\/tbody>\n<\/table>\n<table style=\"width: 655px; height: 110px;\" border=\"1\" cellspacing=\"1\" cellpadding=\"1\">\n<tbody>\n<tr>\n<td><span style=\"font-size: 14pt; font-family: Verdana;\"><span style=\"font-family: arial,helvetica,sans-serif; font-size: large;\">Spinnfisch-Anf\u00e4nger-Kurse<\/span><\/span><\/td>\n<td><span style=\"font-family: arial,helvetica,sans-serif; font-size: large;\">(Leistungen wie folgt beschrieben)<\/span><\/td>\n<td><span style=\"font-family: arial,helvetica,sans-serif; font-size: large;\">Preis je<br \/>\nnach<br \/>\nGruppen-<br \/>\ngr\u00f6\u00dfe<br \/>\n<\/span><\/td>\n<\/tr>\n<\/tbody>\n<\/table>\n<p align=\"center\"><span style=\"font-size: 12pt; color: #61802e; font-family: Arial;\"><span style=\"font-size: 10.5pt; color: #333333; font-family: Arial;\"><span style=\"font-size: 10.5pt; color: #333333; font-family: Arial;\"><span style=\"font-size: 10.5pt; color: #333333; font-family: Arial;\"><span style=\"font-size: 10.5pt; color: #333333; font-family: Arial;\"><span style=\"font-size: 10.5pt; color: #333333; font-family: Arial;\"><span style=\"font-size: 10.5pt; color: #333333; font-family: Arial;\"><span style=\"font-size: 10.5pt; color: #333333; font-family: Arial;\"><span style=\"font-size: 10.5pt; color: #333333; font-family: Arial;\"><span style=\"font-size: 10.5pt; color: #333333; font-family: Arial;\"><span style=\"font-size: 10.5pt; color: #333333; font-family: Arial;\"><span style=\"font-size: 10.5pt; color: #333333; font-family: Arial;\"><span style=\"font-size: 10.5pt; color: #333333; font-family: Arial;\"><span style=\"font-size: 10.5pt; color: #333333; font-family: Arial;\"><span style=\"font-size: 10.5pt; color: #333333; font-family: Arial;\"><span style=\"font-size: 12pt; color: #61802e; font-family: Arial;\"><span style=\"font-size: 10.5pt; color: #333333; font-family: Arial;\"><span style=\"font-size: 14pt; color: black; font-family: Verdana;\"><a href=\"https:\/\/predator-fishing-tours.de\/wordpress\/?page_id=249\"><strong><span style=\"background-color: #ffff00; font-family: arial,helvetica,sans-serif; font-size: x-large;\">&gt;&gt;Zur Anfrage bzw. Buchung&lt;&lt;<\/span><\/strong><\/a><\/span><\/span><\/span><\/span><\/span><\/span><\/span><\/span><\/span><\/span><\/span><\/span><\/span><\/span><\/span><\/span><\/span><\/span><\/p>\n<p align=\"center\">\n<p><span style=\"font-size: large;\"><span style=\"font-size: 14pt; font-family: Verdana;\"><span style=\"font-family: arial,helvetica,sans-serif; font-size: large;\"><u>Spinnfisch-Anf\u00e4nger-Kurs:<\/u><\/span><\/span><\/span><\/p>\n<p><span style=\"font-size: large;\"><span style=\"font-family: arial,helvetica,sans-serif;\">F\u00fcr diejenigen Angler, die noch keine oder ungen\u00fcgende Erfahrungen mit dem Spinnfischen haben.<\/span><\/span><\/p>\n<p><span style=\"font-family: arial,helvetica,sans-serif; font-size: large;\">Unser Team nimmt Sie an \u201edie Hand\u201c damit Sie die Magie des Spinn &#8211; Angelns kennenlernen k\u00f6nnen.<\/span><\/p>\n<p><span style=\"font-size: 14pt; font-family: Verdana;\"><span style=\"font-family: arial,helvetica,sans-serif; font-size: large;\">In unserem zweit\u00e4gigen Seminar werden Theorie und Praxis, nat\u00fcrlich auch am Wasser vermittelt. Voraussetzungen sind, dass Sie die Natur, das Angeln und die Grundtechniken verstehen wollen.<\/span><\/span><\/p>\n<p><span style=\"font-size: 14pt; font-family: Verdana;\"><span style=\"font-family: arial,helvetica,sans-serif; font-size: large;\">Im Preis enthalten f\u00fcr den 2-t\u00e4gigen Anf\u00e4nger-Spinnfisch-Kurs ist die Gew\u00e4sserkarte und die Materialien, die w\u00e4hrend der beiden Tage ben\u00f6tigt werden. (Rute und Rolle ist nicht inbegriffen; Leihger\u00e4te stehen gegen eine kleine Geb\u00fchr zur Verf\u00fcgung).<\/span><\/span><\/p>\n<p><span style=\"font-size: 14pt; font-family: Verdana;\"><span style=\"font-size: large;\"><span style=\"font-family: arial,helvetica,sans-serif;\"><\/p>\n<p><u>Kursdauer:<\/u><\/span><\/span><\/span><\/p>\n<p><span style=\"font-size: 14pt; font-family: Verdana;\"><span style=\"font-family: arial,helvetica,sans-serif; font-size: large;\">1x 3 Stunden und 1x 5 Stunden<\/span><\/span><\/p>\n<p><span style=\"font-family: arial,helvetica,sans-serif; font-size: large;\"><br \/>\n-Termine nach Vereinbarung<br \/>\n-Gruppenkurse und Einzelkurse m\u00f6glich<\/p>\n<p><\/span><\/p>\n<p>&nbsp;<\/p>\n<p><span style=\"font-size: 14pt; font-family: Verdana;\"><span style=\"font-size: 14pt; font-family: Verdana;\">\u00a0<\/span><\/span><\/p>\n<p><span style=\"font-size: 14pt; font-family: Verdana;\"><span style=\"font-family: arial,helvetica,sans-serif; font-size: large;\"><u><em>Gut zu wissen:<\/em><\/u><\/span><\/span><\/p>\n<p><span style=\"font-size: 14pt; font-family: Verdana;\"><span style=\"font-family: arial,helvetica,sans-serif; font-size: large;\">In Bayern ist es laut gesetzlichen Bestimmungen nur erlaubt an Gew\u00e4ssern aktiv zu fischen, wenn Sie im Besitz des staatlichen Fischereischeines sind. Aus diesem Grund k\u00f6nnen an diesem Kurs Erwachsene nur mit dieser Voraussetzung \u201eaktiv\u201c am Kurs teilnehmen.<\/span><\/span><\/p>\n<p><span style=\"font-family: arial,helvetica,sans-serif; font-size: large;\">Passive Erwachsene k\u00f6nnen nat\u00fcrlich jederzeit mitmachen. F\u00fcr Kinder und Jugendliche gibt es da eine kleine Ausnahme. <\/span><\/p>\n<p><span style=\"font-family: arial,helvetica,sans-serif;\"><span style=\"font-size: 14pt; font-family: Verdana;\"><span style=\"font-size: large;\">&#8211; ab dem 10. Lebensjahr gibt es einen Jugendfischereischein, der bei der \u00f6rtlich zust\u00e4ndigen Gemeinde ohne Pr\u00fcfung beantragt werden kann. Dieser gilt dann bis zur Vollendung des 18. Lebensjahres. Die Kinder und Jugendlichen d\u00fcrfen dann in Begleitung eines Erwachsenen, der den staatlichen Fischereischein besitzt, mitfischen.<br \/>\n<\/span><\/span><span style=\"font-size: 14pt; font-family: Verdana;\"><span style=\"font-size: large;\">Jedoch wird zus\u00e4tzlich eine Gew\u00e4sserkarte ben\u00f6tigt. Diese Karte ist bei unsere<span style=\"font-family: arial,helvetica,sans-serif;\">n<\/span> Kursen nicht inbegriffen.<\/span><\/span><\/span><\/p>\n<p>&nbsp;<\/p>\n<p><span style=\"font-size: 14pt; font-family: Verdana;\"><span style=\"font-family: arial,helvetica,sans-serif; font-size: large;\"> Haben Sie noch Fragen, sprechen Sie uns an. <\/span><\/span><\/p>\n<p align=\"center\"><span style=\"font-size: 14pt; font-family: Verdana;\"><span style=\"font-size: 12pt; color: #61802e; font-family: Arial;\"><span style=\"font-size: 10.5pt; color: #333333; font-family: Arial;\"><span style=\"font-size: 10.5pt; color: #333333; font-family: Arial;\"><span style=\"font-size: 10.5pt; color: #333333; font-family: Arial;\"><span style=\"font-size: 10.5pt; color: #333333; font-family: Arial;\"><span style=\"font-size: 10.5pt; color: #333333; font-family: Arial;\"><span style=\"font-size: 10.5pt; color: #333333; font-family: Arial;\"><span style=\"font-size: 10.5pt; color: #333333; font-family: Arial;\"><span style=\"font-size: 10.5pt; color: #333333; font-family: Arial;\"><span style=\"font-size: 10.5pt; color: #333333; font-family: Arial;\"><span style=\"font-size: 10.5pt; color: #333333; font-family: Arial;\"><span style=\"font-size: 10.5pt; color: #333333; font-family: Arial;\"><span style=\"font-size: 10.5pt; color: #333333; font-family: Arial;\"><span style=\"font-size: 10.5pt; color: #333333; font-family: Arial;\"><span style=\"font-size: 10.5pt; color: #333333; font-family: Arial;\"><span style=\"font-size: 12pt; color: #61802e; font-family: Arial;\"><span style=\"font-size: 10.5pt; color: #333333; font-family: Arial;\"><span style=\"font-size: 14pt; color: black; font-family: Verdana;\"><a href=\"https:\/\/predator-fishing-tours.de\/wordpress\/?page_id=249\"><strong><span style=\"background-color: #ffff00; font-family: arial,helvetica,sans-serif; font-size: x-large;\">&gt;&gt;Zur Anfrage bzw. Buchung&lt;&lt;<\/span><\/strong><\/a><\/span><\/span><\/span><\/span><\/span><\/span><\/span><\/span><\/span><\/span><\/span><\/span><\/span><\/span><\/span><\/span><\/span><\/span><\/span><\/p>\n<p align=\"center\"><span style=\"font-family: arial,helvetica,sans-serif; font-size: large;\"><strong>Ihr Pretator-Fishing-Team<\/strong><\/span><\/p>\n<p align=\"center\">\n","protected":false},"excerpt":{"rendered":"<p>Unsere Kurse: Die Drop Shot Angelei z\u00e4hlt zu den effektivsten Methoden tiefstehende Raubfische in der N\u00e4he des Gew\u00e4ssergrundes zu fangen.<\/p>\n","protected":false},"author":1,"featured_media":0,"parent":0,"menu_order":6,"comment_status":"closed","ping_status":"closed","template":"","meta":{"footnotes":""},"_links":{"self":[{"href":"https:\/\/predator-fishing-tours.de\/index.php?rest_route=\/wp\/v2\/pages\/61"}],"collection":[{"href":"https:\/\/predator-fishing-tours.de\/index.php?rest_route=\/wp\/v2\/pages"}],"about":[{"href":"https:\/\/predator-fishing-tours.de\/index.php?rest_route=\/wp\/v2\/types\/page"}],"author":[{"embeddable":true,"href":"https:\/\/predator-fishing-tours.de\/index.php?rest_route=\/wp\/v2\/users\/1"}],"replies":[{"embeddable":true,"href":"https:\/\/predator-fishing-tours.de\/index.php?rest_route=%2Fwp%2Fv2%2Fcomments&post=61"}],"version-history":[{"count":0,"href":"https:\/\/predator-fishing-tours.de\/index.php?rest_route=\/wp\/v2\/pages\/61\/revisions"}],"wp:attachment":[{"href":"https:\/\/predator-fishing-tours.de\/index.php?rest_route=%2Fwp%2Fv2%2Fmedia&parent=61"}],"curies":[{"name":"wp","href":"https:\/\/api.w.org\/{rel}","templated":true}]}}